ltiple of 13?
True
Let w(j) = -5 - 2*j + j + 1. Let f be w(-4). Suppose -n = -4*b - 62, 2*n + b - 4*b - 149 = f. Is n a multiple of 22?
False
Let v(b) = 2*b + 8. Let z(t) = 5*t + 15. Suppose -5*k + 2 = 17. Let x(d) = k*z(d) + 5*v(d). Is x(-5) a multiple of 20?
True
Let z be (4/10)/(3/30). Suppose 2*y = 2*p + 116, 5*y + z*p + 0*p = 326. Suppose -3*l = 4*b - 65, -2*l = -4*l + 2*b + y. Is l a multiple of 13?
False
Is 53 - 4 - (-12)/(-3) a multiple of 9?
True
Let y be 25 - (-2)/(-6)*3. Suppose -s - y = -5*s. Is 3 a factor of s?
True
Suppose 0 = f - 66 + 24. Does 7 divide f?
True
Suppose 0 = 2*n + 5*i - 21, -4*i + 3 = -0*n - 3*n. Let u be 618/9*n/2. Suppose 5*h + 5*c - u - 37 = 0, 2*h = -c + 54. Does 15 divide h?
False
Suppose 10*c - 142 = 198. Is c a multiple of 4?
False
Let g(t) = -3*t - 8. Let k be g(-8). Suppose -k = -5*n - 3*y + 10, -5*n + y = -38. Is 7 a factor of n?
True
Suppose -220 = -9*j + 320. Does 37 divide j?
False
Suppose 2*g = -n + 1, 0 = -0*n + 5*n - 5. Let l(m) = -m**2 + m - 29. Let y be l(g). Does 6 divide (-2)/(-4) + y/(-2)?
False
Let p(u) = -5*u**3 - 3*u**2 + 2. Is p(-2) a multiple of 10?
True
Let n(h) = 5*h + 5. Let q(r) = 4*r - 3*r - 2*r + 1. Let s(x) = -n(x) - q(x). Is s(-5) a multiple of 4?
False
Suppose 3*y = -284 + 77. Let m = -44 - y. Does 21 divide m?
False
Suppose h = -2*h. Suppose -2*x + h = -10. Is 5 a factor of x?
True
Suppose 3*y = j + 1, 5*y - 1 = 2*j - 4. Does 14 divide j?
True
Suppose 0 = -5*u - 3*x - 2*x + 10, -u = -5*x - 8. Suppose -2*o + u*a = -11, 5*o + 0*a + 4*a = -30. Is 3 a factor of (o/(-4))/((-1)/(-22))?
False
Let h(n) = n - 1. Let l(c) = 4*c - 2. Let g(s) = 2*h(s) - l(s). Does 9 divide g(-9)?
True
Let f(k) = -7*k + 6. Suppose 33 + 72 = 3*j. Let q(y) = -42*y + 35. Let z(w) = j*f(w) - 6*q(w). Is z(1) a multiple of 7?
True
Let t = 4 - -172. Does 11 divide t?
True
Is 9 a factor of (-360)/75*20/(-6)?
False
Let x(j) = 2*j - 1. Let h be x(4). Let s(b) = 7*b - 3. Let r(z) = 15*z - 5. Let l(n) = -4*r(n) + 9*s(n). Is 7 a factor of l(h)?
True
Let w = -355 - -498. Is w a multiple of 11?
True
Let y(u) = -u**2 + 12*u + 4. Suppose 0 = -3*t + 11 + 10. Does 9 divide y(t)?
False
Suppose -4*u + 238 = -2*w - 118, -w = -u + 90. Suppose -4*k = -5*k + u. Is 27 a factor of k?
False
Let g(r) = -r**2 + 6*r + 2. Let q be g(4). Suppose t - 4*a = q, t + 2*a + 11 = 3. Is t + 1*39 - -2 a multiple of 15?
False
Let u = -10 + 17. Does 12 divide ((-18)/u)/(18/(-168))?
True
Suppose -3*u + 10*u = 140. Is u a multiple of 10?
True
Let i(r) = r**2 + 2*r - 3. Is 12 a factor of i(-9)?
True
Is 7 a factor of ((-196)/8)/((-1)/2)?
True
Suppose 0 = 5*k - 3*k. Let q = k + 12. Is q a multiple of 6?
True
Let v(d) = 6*d - 3 - 5*d + 8*d. Is 7 a factor of v(2)?
False
Let w(x) = 2*x**2 - x - 4. Does 3 divide w(-2)?
True
Suppose 6*x - 3*x = 156. Let d = x - 8. Is d a multiple of 13?
False
Suppose 0*j + 3*j = -81. Let h = -16 - j. Is 11 a factor of h?
True
Let o = -73 + 182. Is 10 a factor of o?
False
Let s = 36 + -33. Is s a multiple of 3?
True
Let c(w) = 16*w**3 + w**2 + 2*w - 8. Is 9 a factor of c(2)?
False
Suppose -12*r + 12 = -10*r. Is r a multiple of 3?
True
Suppose -21 = -3*l + 4*k, -2*l - 2*k = -3*k - 14. Is l a multiple of 2?
False
Does 12 divide (-1 + 10 + -3)*2?
True
Suppose 0*k = 3*k - 9. Suppose k*a - a = 4*g - 174, -179 = -4*g - 3*a. Is 22 a factor of g?
True
Let r = -56 + 88. Does 5 divide r?
False
Suppose 6 = -k + 45. Does 13 divide k?
True
Let d be (4/10)/(3/15). Let x(h) = -2 + 0*h - 3*h + 16*h**d - 14*h**2. Is 3 a factor of x(3)?
False
Suppose 4*a - 49 = 3*a. Does 7 divide a?
True
Let q = 400 + -285. Is q a multiple of 12?
False
Suppose -292 = -5*i + 28. Is i a multiple of 15?
False
Let p(i) = i**3 + 3*i**2 + i - 1. Is 14 a factor of p(3)?
True
Let z be (-54)/(-12)*4/3. Let m = z + -6. Suppose 0*s + 5*s - 80 = m. Is s a multiple of 8?
True
Let o(r) be the third derivative of -r**4/24 - r**3/2 + r**2. Let p be o(-3). Suppose p = y - 4*y + 42. Does 14 divide y?
True
Let q(v) = 4*v + 20. Does 14 divide q(9)?
True
Let t = 258 + -168. Let l = 138 - t. Is l a multiple of 10?
False
Suppose -2*o = -11 - 3. Suppose t = o - 1. Is t/(-2*(0 - 1)) a multiple of 2?
False
Is (12/(-33))/(-2) - (-5875)/55 a multiple of 35?
False
Suppose n = 6*n. Suppose n = -z + 4*k - 42, -5*z - 48 = -3*z + k. Let y = z - -43. Is 8 a factor of y?
False
Let d(x) = x - 1. Let r be (-1 + 2)/((-2)/(-6)). Let c be d(r). Let p(y) = y**3 + 2. Does 6 divide p(c)?
False
Suppose -2*d = 2*d - 16. Suppose -5*s - d = -59. Suppose -o + 22 = -4*x, s + 63 = 4*o - 2*x. Is 9 a factor of o?
True
Suppose -v = -3*v + 288. Is 18 a factor of v?
True
Let q(s) = -s**2 + 7*s - 7. Let d be q(5). Suppose 2*f + d - 63 = 0. Is 10 a factor of f?
True
Suppose -2*l - 4*b + 72 = 0, 0 = -5*l - b + 185 - 5. Is 18 a factor of l?
True
Suppose -112 = -6*n + 230. Does 19 divide n?
True
Suppose -l + 0*b + 399 = -4*b, 1237 = 3*l - 2*b. Is l a multiple of 37?
False
Let s = -4 + 2. Does 15 divide s/(-6) + 89/3?
True
Suppose -2*y = 2, -2*s - 4*y + 1 = -s. Suppose 2 + 3 = s*j. Suppose -j = 2*z - 19. Is 5 a factor of z?
False
Let k(u) = -3*u + 6. Let z be k(6). Let i = z + 28. Is 8 a factor of i?
True
Let y be 4 - 2/(-4)*2. Suppose 0 = c - 3*c + y*b - 2, 3*c - 4*b - 11 = 0. Does 8 divide c?
False
Let f(x) = -167*x + 7. Is f(-2) a multiple of 19?
False
Let p = 25 + -13. Let q = p + -4. Does 4 divide q?
True
Suppose 2*r + 9 = a, 4*a + 4 = r - 3*r. Let g be (2/r)/(4/(-40)). Suppose -z + 4 = b, z = 2*b + 4*z - g. Is 7 a factor of b?
True
Let a(o) = 2*o - 4. Does 2 divide a(3)?
True
Suppose -15 = -5*t + 5. Suppose t*i = 26 - 90. Let p = 52 + i. Is p a multiple of 18?
True
Let v = 75 + -46. Is v a multiple of 5?
False
Let l(k) = -k**2 + 6*k - 2. Let t(d) = -2*d**2 + 13*d - 4. Let s(a) = -14*l(a) + 6*t(a). Is 7 a factor of s(4)?
False
Suppose -3*s = -20 - 34. Suppose 2*w + s = 2*v + 4*w, -48 = -2*v + 4*w. Is v a multiple of 14?
True
Suppose 2*l - 1 = 3*f - 50, -5*f = -5*l - 90. Is f a multiple of 13?
True
Let x(u) be the third derivative of u**4/24 - u**3/6 - 4*u**2. Does 2 divide x(8)?
False
Is 2*28/(-8)*6/(-7) a multiple of 2?
True
Let i be 24/4*2/3. Suppose -w = 1 - 2, i*w + 5 = 3*h. Suppose -180 = -2*l - h*l. Does 18 divide l?
True
Let u(y) = y**3 - 4*y**2 - y. Let f be u(6). Is 10 a factor of (f/(-9))/((-2)/3)?
False
Suppose -1 = -2*m + 1. Let c(b) = -8*b**2 + 3*b**2 + 21*b**2. Is 8 a factor of c(m)?
True
Let c(v) = -v**3 + 3*v**2 + 5*v - 2. Is 6 a factor of c(3)?
False
Let o(l) be the third derivative of l**6/180 + l**4/12 + l**3/3 + 3*l**2. Let j(z) be the first derivative of o(z). Is j(2) a multiple of 10?
True
Suppose -4*g + 99 + 341 = 0. Suppose j - g = -4*j. Does 11 divide j?
True
Suppose 0 = -4*k + 3*k - 4*f + 101, k - 89 = 2*f. Does 7 divide k?
False
Suppose -6 + 18 = -3*l. Let t(s) = 4*s**2 + 4*s - 3. Is 9 a factor of t(l)?
True
Let a = -182 + 212. Is a a multiple of 7?
False
Let s(z) = z**2 + 7*z - 7. Let i be s(-8). Is 0/1 - (-33)/i a multiple of 11?
True
Let w(s) be the second derivative of s**5/20 + s**4/4 - s**3/3 + 3*s. Is 9 a factor of w(2)?
False
Let n(h) = h**3 + 5*h**2 - 2*h + 6. Is n(-4) a multiple of 10?
True
Let m be 39/4 + 6/24. Suppose m = h + 4. Suppose -h = -2*y + 12. Does 5 divide y?
False
Suppose 0*m + 40 = 4*m. Let y = m + -3. Is 2 a factor of y?
False
Suppose o + 9 = -y - 2*o, 3*y = -2*o - 27. Let p be 2/4 + y/6. Let a = p - -19. Is 18 a factor of a?
True
Let x(t) = 3*t**2 + t + 4. Let p = 29 + -26. Is 8 a factor of x(p)?
False
Suppose -7*l + 2*l + 205 = 5*a, 2*l - 205 = -5*a. Suppose 6*p = p - m + a, -3*m = 4*p - 24. Does 2 divide p?
False
Is 32/48*129/2 a multiple of 15?
False
Let r(s) = 7*s - 3 - 2*s + 4*s. Let x be 2/(-3) + 32/12. Is 15 a factor of r(x)?
True
Let a(m) = -m**2 - 2*m - 4. Let k be a(-3). Let h(u) = -u + 6. Is h(k) a multiple of 11?
False
Let b(s) = 0*s - 1 - 2 - 2*s + 7*s. Is b(2) even?
False
Let y(t) = -3 + 5 - t + 3 - 3. Let h be y(-3). Suppose -24 - 6 = -h*u. Does 6 divide u?
True
Suppose 5*w + 3 = 2*w. Is (-9)/9 + (w - -60) a multiple of 15?
False
Let s(c) = -c + 5. Let l be s(5). Let j = 3 - l. Suppose v = -3*b - 3*v, -j*b = -v - 15. Is 4 a factor of b?
True
Suppose 114 = y + y. Let n = 7 + y. Is 16 a factor of n?
True
Let s be 57*(1 - 6/9). Suppose -y - y - 22 =